{"id":3210,"date":"2024-10-14T14:54:00","date_gmt":"2024-10-14T14:54:00","guid":{"rendered":"https:\/\/publicidadigitalcity.com\/?page_id=3210"},"modified":"2024-10-14T15:06:31","modified_gmt":"2024-10-14T15:06:31","slug":"gps-tracker","status":"publish","type":"page","link":"https:\/\/publicidadigitalcity.com\/index.php\/gps-tracker\/","title":{"rendered":"GPS TRACKER"},"content":{"rendered":"\t\t<div data-elementor-type=\"wp-page\" data-elementor-id=\"3210\" class=\"elementor elementor-3210\" data-elementor-post-type=\"page\">\n\t\t\t\t<div class=\"elementor-element elementor-element-OaWrkJB e-flex e-con-boxed e-con e-parent\" data-id=\"OaWrkJB\" data-element_type=\"container\">\n\t\t\t\t\t<div class=\"e-con-inner\">\n\t\t<div class=\"elementor-element elementor-element-oE3jHaH e-con-full e-flex e-con e-child\" data-id=\"oE3jHaH\" data-element_type=\"container\">\n\t\t\t\t<div class=\"elementor-element elementor-element-IRVyxUT elementor-widget elementor-widget-heading\" data-id=\"IRVyxUT\" data-element_type=\"widget\" data-widget_type=\"heading.default\">\n\t\t\t\t<div class=\"elementor-widget-container\">\n\t\t\t<h2 class=\"elementor-heading-title elementor-size-default\">Principales Ventajas de Nuestro Rastreador GPS<\/h2>\t\t<\/div>\n\t\t\t\t<\/div>\n\t\t\t\t<div class=\"elementor-element elementor-element-nvJVGOJ elementor-widget elementor-widget-text-editor\" data-id=\"nvJVGOJ\" data-element_type=\"widget\" data-widget_type=\"text-editor.default\">\n\t\t\t\t<div class=\"elementor-widget-container\">\n\t\t\t\t\t\t\t<p>Con nuestro GPS Tracker en Mocoa, garantizar\u00e1s la seguridad de tu veh\u00edculo con las \u00faltimas tecnolog\u00edas. No solo podr\u00e1s proteger tu inversi\u00f3n, sino que tambi\u00e9n tendr\u00e1s acceso a informaci\u00f3n en tiempo real sobre su ubicaci\u00f3n exacta. \u00a1Tu tranquilidad es lo que m\u00e1s nos importa!<\/p>\t\t\t\t\t\t<\/div>\n\t\t\t\t<\/div>\n\t\t\t\t<div class=\"elementor-element elementor-element-nC3kEKK elementor-icon-list--layout-traditional elementor-list-item-link-full_width elementor-widget elementor-widget-icon-list\" data-id=\"nC3kEKK\" data-element_type=\"widget\" data-widget_type=\"icon-list.default\">\n\t\t\t\t<div class=\"elementor-widget-container\">\n\t\t\t\t\t<ul class=\"elementor-icon-list-items\">\n\t\t\t\t\t\t\t<li class=\"elementor-icon-list-item\">\n\t\t\t\t\t\t\t\t\t\t\t<span class=\"elementor-icon-list-icon\">\n\t\t\t\t\t\t\t<svg aria-hidden=\"true\" class=\"e-font-icon-svg e-fas-star\" viewBox=\"0 0 576 512\" xmlns=\"http:\/\/www.w3.org\/2000\/svg\"><path d=\"M259.3 17.8L194 150.2 47.9 171.5c-26.2 3.8-36.7 36.1-17.7 54.6l105.7 103-25 145.5c-4.5 26.3 23.2 46 46.4 33.7L288 439.6l130.7 68.7c23.2 12.2 50.9-7.4 46.4-33.7l-25-145.5 105.7-103c19-18.5 8.5-50.8-17.7-54.6L382 150.2 316.7 17.8c-11.7-23.6-45.6-23.9-57.4 0z\"><\/path><\/svg>\t\t\t\t\t\t<\/span>\n\t\t\t\t\t\t\t\t\t\t<span class=\"elementor-icon-list-text\">Vigilancia Continua: Asegura que tu veh\u00edculo est\u00e9 protegido d\u00eda y noche.<\/span>\n\t\t\t\t\t\t\t\t\t<\/li>\n\t\t\t\t\t\t\t\t<li class=\"elementor-icon-list-item\">\n\t\t\t\t\t\t\t\t\t\t\t<span class=\"elementor-icon-list-icon\">\n\t\t\t\t\t\t\t<svg aria-hidden=\"true\" class=\"e-font-icon-svg e-fas-star\" viewBox=\"0 0 576 512\" xmlns=\"http:\/\/www.w3.org\/2000\/svg\"><path d=\"M259.3 17.8L194 150.2 47.9 171.5c-26.2 3.8-36.7 36.1-17.7 54.6l105.7 103-25 145.5c-4.5 26.3 23.2 46 46.4 33.7L288 439.6l130.7 68.7c23.2 12.2 50.9-7.4 46.4-33.7l-25-145.5 105.7-103c19-18.5 8.5-50.8-17.7-54.6L382 150.2 316.7 17.8c-11.7-23.6-45.6-23.9-57.4 0z\"><\/path><\/svg>\t\t\t\t\t\t<\/span>\n\t\t\t\t\t\t\t\t\t\t<span class=\"elementor-icon-list-text\">Rastreo Global: Localiza tu veh\u00edculo sin importar d\u00f3nde te encuentres.<\/span>\n\t\t\t\t\t\t\t\t\t<\/li>\n\t\t\t\t\t\t\t\t<li class=\"elementor-icon-list-item\">\n\t\t\t\t\t\t\t\t\t\t\t<span class=\"elementor-icon-list-icon\">\n\t\t\t\t\t\t\t<svg aria-hidden=\"true\" class=\"e-font-icon-svg e-fas-star\" viewBox=\"0 0 576 512\" xmlns=\"http:\/\/www.w3.org\/2000\/svg\"><path d=\"M259.3 17.8L194 150.2 47.9 171.5c-26.2 3.8-36.7 36.1-17.7 54.6l105.7 103-25 145.5c-4.5 26.3 23.2 46 46.4 33.7L288 439.6l130.7 68.7c23.2 12.2 50.9-7.4 46.4-33.7l-25-145.5 105.7-103c19-18.5 8.5-50.8-17.7-54.6L382 150.2 316.7 17.8c-11.7-23.6-45.6-23.9-57.4 0z\"><\/path><\/svg>\t\t\t\t\t\t<\/span>\n\t\t\t\t\t\t\t\t\t\t<span class=\"elementor-icon-list-text\">Notificaciones R\u00e1pidas: Mantente informado sobre cualquier actividad inusual.<\/span>\n\t\t\t\t\t\t\t\t\t<\/li>\n\t\t\t\t\t\t<\/ul>\n\t\t\t\t<\/div>\n\t\t\t\t<\/div>\n\t\t\t\t<\/div>\n\t\t<div class=\"elementor-element elementor-element-tAVqXve e-con-full e-flex e-con e-child\" data-id=\"tAVqXve\" data-element_type=\"container\">\n\t\t\t\t<div class=\"elementor-element elementor-element-RN9aa8N elementor-widget elementor-widget-image\" data-id=\"RN9aa8N\" data-element_type=\"widget\" data-widget_type=\"image.default\">\n\t\t\t\t<div class=\"elementor-widget-container\">\n\t\t\t\t\t\t\t\t\t\t\t\t\t<img fetchpriority=\"high\" decoding=\"async\" width=\"1620\" height=\"1620\" src=\"https:\/\/publicidadigitalcity.com\/wp-content\/uploads\/2024\/10\/GPS-MOTO-.png\" class=\"attachment-full size-full wp-image-3214\" alt=\"\" srcset=\"https:\/\/publicidadigitalcity.com\/wp-content\/uploads\/2024\/10\/GPS-MOTO-.png 1620w, https:\/\/publicidadigitalcity.com\/wp-content\/uploads\/2024\/10\/GPS-MOTO--300x300.png 300w, https:\/\/publicidadigitalcity.com\/wp-content\/uploads\/2024\/10\/GPS-MOTO--1024x1024.png 1024w, https:\/\/publicidadigitalcity.com\/wp-content\/uploads\/2024\/10\/GPS-MOTO--150x150.png 150w, https:\/\/publicidadigitalcity.com\/wp-content\/uploads\/2024\/10\/GPS-MOTO--768x768.png 768w, https:\/\/publicidadigitalcity.com\/wp-content\/uploads\/2024\/10\/GPS-MOTO--1536x1536.png 1536w, https:\/\/publicidadigitalcity.com\/wp-content\/uploads\/2024\/10\/GPS-MOTO--1320x1320.png 1320w, https:\/\/publicidadigitalcity.com\/wp-content\/uploads\/2024\/10\/GPS-MOTO--600x600.png 600w, https:\/\/publicidadigitalcity.com\/wp-content\/uploads\/2024\/10\/GPS-MOTO--100x100.png 100w\" sizes=\"(max-width: 1620px) 100vw, 1620px\" \/>\t\t\t\t\t\t\t\t\t\t\t\t\t<\/div>\n\t\t\t\t<\/div>\n\t\t\t\t<\/div>\n\t\t\t\t\t<\/div>\n\t\t\t\t<\/div>\n\t\t\t\t<\/div>\n\t\t","protected":false},"excerpt":{"rendered":"<p>Principales Ventajas de Nuestro Rastreador GPS Con nuestro GPS Tracker en Mocoa, garantizar\u00e1s la seguridad de tu veh\u00edculo con las \u00faltimas tecnolog\u00edas. No solo podr\u00e1s proteger tu inversi\u00f3n, sino que tambi\u00e9n tendr\u00e1s acceso a informaci\u00f3n en tiempo real sobre su ubicaci\u00f3n exacta. \u00a1Tu tranquilidad es lo que m\u00e1s nos importa! Vigilancia Continua: Asegura que tu<\/p>\n<div class=\"more-link\">\n\t\t\t\t <a href=\"https:\/\/publicidadigitalcity.com\/index.php\/gps-tracker\/\" class=\"theme-btn\"><span>Seguir leyendo<\/span><\/a>\n\t\t\t<\/div>\n","protected":false},"author":1,"featured_media":0,"parent":0,"menu_order":0,"comment_status":"closed","ping_status":"closed","template":"","meta":{"_joinchat":[],"footnotes":""},"class_list":["post-3210","page","type-page","status-publish","hentry"],"aioseo_notices":[],"yoast_head":"<!-- This site is optimized with the Yoast SEO plugin v23.6 - https:\/\/yoast.com\/wordpress\/plugins\/seo\/ -->\n<title>GPS TRACKER - publicidadigitalcity<\/title>\n<meta name=\"robots\" content=\"index, follow, max-snippet:-1, max-image-preview:large, max-video-preview:-1\" \/>\n<link rel=\"canonical\" href=\"https:\/\/publicidadigitalcity.com\/index.php\/gps-tracker\/\" \/>\n<meta property=\"og:locale\" content=\"es_ES\" \/>\n<meta property=\"og:type\" content=\"article\" \/>\n<meta property=\"og:title\" content=\"GPS TRACKER - publicidadigitalcity\" \/>\n<meta property=\"og:description\" content=\"Principales Ventajas de Nuestro Rastreador GPS Con nuestro GPS Tracker en Mocoa, garantizar\u00e1s la seguridad de tu veh\u00edculo con las \u00faltimas tecnolog\u00edas. No solo podr\u00e1s proteger tu inversi\u00f3n, sino que tambi\u00e9n tendr\u00e1s acceso a informaci\u00f3n en tiempo real sobre su ubicaci\u00f3n exacta. \u00a1Tu tranquilidad es lo que m\u00e1s nos importa! Vigilancia Continua: Asegura que tu    Seguir leyendo\" \/>\n<meta property=\"og:url\" content=\"https:\/\/publicidadigitalcity.com\/index.php\/gps-tracker\/\" \/>\n<meta property=\"og:site_name\" content=\"publicidadigitalcity\" \/>\n<meta property=\"article:modified_time\" content=\"2024-10-14T15:06:31+00:00\" \/>\n<meta property=\"og:image\" content=\"https:\/\/publicidadigitalcity.com\/wp-content\/uploads\/2024\/10\/GPS-MOTO--1024x1024.png\" \/>\n\t<meta property=\"og:image:width\" content=\"1024\" \/>\n\t<meta property=\"og:image:height\" content=\"1024\" \/>\n\t<meta property=\"og:image:type\" content=\"image\/png\" \/>\n<meta name=\"twitter:card\" content=\"summary_large_image\" \/>\n<meta name=\"twitter:label1\" content=\"Tiempo de lectura\" \/>\n\t<meta name=\"twitter:data1\" content=\"1 minuto\" \/>\n<script type=\"application\/ld+json\" class=\"yoast-schema-graph\">{\"@context\":\"https:\/\/schema.org\",\"@graph\":[{\"@type\":\"WebPage\",\"@id\":\"https:\/\/publicidadigitalcity.com\/index.php\/gps-tracker\/\",\"url\":\"https:\/\/publicidadigitalcity.com\/index.php\/gps-tracker\/\",\"name\":\"GPS TRACKER - publicidadigitalcity\",\"isPartOf\":{\"@id\":\"https:\/\/publicidadigitalcity.com\/#website\"},\"primaryImageOfPage\":{\"@id\":\"https:\/\/publicidadigitalcity.com\/index.php\/gps-tracker\/#primaryimage\"},\"image\":{\"@id\":\"https:\/\/publicidadigitalcity.com\/index.php\/gps-tracker\/#primaryimage\"},\"thumbnailUrl\":\"http:\/\/publicidadigitalcity.com\/wp-content\/uploads\/2024\/10\/GPS-MOTO-.png\",\"datePublished\":\"2024-10-14T14:54:00+00:00\",\"dateModified\":\"2024-10-14T15:06:31+00:00\",\"breadcrumb\":{\"@id\":\"https:\/\/publicidadigitalcity.com\/index.php\/gps-tracker\/#breadcrumb\"},\"inLanguage\":\"es\",\"potentialAction\":[{\"@type\":\"ReadAction\",\"target\":[\"https:\/\/publicidadigitalcity.com\/index.php\/gps-tracker\/\"]}]},{\"@type\":\"ImageObject\",\"inLanguage\":\"es\",\"@id\":\"https:\/\/publicidadigitalcity.com\/index.php\/gps-tracker\/#primaryimage\",\"url\":\"https:\/\/publicidadigitalcity.com\/wp-content\/uploads\/2024\/10\/GPS-MOTO-.png\",\"contentUrl\":\"https:\/\/publicidadigitalcity.com\/wp-content\/uploads\/2024\/10\/GPS-MOTO-.png\",\"width\":1620,\"height\":1620},{\"@type\":\"BreadcrumbList\",\"@id\":\"https:\/\/publicidadigitalcity.com\/index.php\/gps-tracker\/#breadcrumb\",\"itemListElement\":[{\"@type\":\"ListItem\",\"position\":1,\"name\":\"Home\",\"item\":\"https:\/\/publicidadigitalcity.com\/\"},{\"@type\":\"ListItem\",\"position\":2,\"name\":\"GPS TRACKER\"}]},{\"@type\":\"WebSite\",\"@id\":\"https:\/\/publicidadigitalcity.com\/#website\",\"url\":\"https:\/\/publicidadigitalcity.com\/\",\"name\":\"publicidadigitalcity\",\"description\":\"\",\"publisher\":{\"@id\":\"https:\/\/publicidadigitalcity.com\/#organization\"},\"potentialAction\":[{\"@type\":\"SearchAction\",\"target\":{\"@type\":\"EntryPoint\",\"urlTemplate\":\"https:\/\/publicidadigitalcity.com\/?s={search_term_string}\"},\"query-input\":{\"@type\":\"PropertyValueSpecification\",\"valueRequired\":true,\"valueName\":\"search_term_string\"}}],\"inLanguage\":\"es\"},{\"@type\":\"Organization\",\"@id\":\"https:\/\/publicidadigitalcity.com\/#organization\",\"name\":\"publicidadigitalcity\",\"url\":\"https:\/\/publicidadigitalcity.com\/\",\"logo\":{\"@type\":\"ImageObject\",\"inLanguage\":\"es\",\"@id\":\"https:\/\/publicidadigitalcity.com\/#\/schema\/logo\/image\/\",\"url\":\"https:\/\/publicidadigitalcity.com\/wp-content\/uploads\/2022\/05\/cropped-cropped-logo-digital-city.png\",\"contentUrl\":\"https:\/\/publicidadigitalcity.com\/wp-content\/uploads\/2022\/05\/cropped-cropped-logo-digital-city.png\",\"width\":512,\"height\":512,\"caption\":\"publicidadigitalcity\"},\"image\":{\"@id\":\"https:\/\/publicidadigitalcity.com\/#\/schema\/logo\/image\/\"}}]}<\/script>\n<!-- \/ Yoast SEO plugin. -->","yoast_head_json":{"title":"GPS TRACKER - publicidadigitalcity","robots":{"index":"index","follow":"follow","max-snippet":"max-snippet:-1","max-image-preview":"max-image-preview:large","max-video-preview":"max-video-preview:-1"},"canonical":"https:\/\/publicidadigitalcity.com\/index.php\/gps-tracker\/","og_locale":"es_ES","og_type":"article","og_title":"GPS TRACKER - publicidadigitalcity","og_description":"Principales Ventajas de Nuestro Rastreador GPS Con nuestro GPS Tracker en Mocoa, garantizar\u00e1s la seguridad de tu veh\u00edculo con las \u00faltimas tecnolog\u00edas. No solo podr\u00e1s proteger tu inversi\u00f3n, sino que tambi\u00e9n tendr\u00e1s acceso a informaci\u00f3n en tiempo real sobre su ubicaci\u00f3n exacta. \u00a1Tu tranquilidad es lo que m\u00e1s nos importa! Vigilancia Continua: Asegura que tu    Seguir leyendo","og_url":"https:\/\/publicidadigitalcity.com\/index.php\/gps-tracker\/","og_site_name":"publicidadigitalcity","article_modified_time":"2024-10-14T15:06:31+00:00","og_image":[{"width":1024,"height":1024,"url":"https:\/\/publicidadigitalcity.com\/wp-content\/uploads\/2024\/10\/GPS-MOTO--1024x1024.png","type":"image\/png"}],"twitter_card":"summary_large_image","twitter_misc":{"Tiempo de lectura":"1 minuto"},"schema":{"@context":"https:\/\/schema.org","@graph":[{"@type":"WebPage","@id":"https:\/\/publicidadigitalcity.com\/index.php\/gps-tracker\/","url":"https:\/\/publicidadigitalcity.com\/index.php\/gps-tracker\/","name":"GPS TRACKER - publicidadigitalcity","isPartOf":{"@id":"https:\/\/publicidadigitalcity.com\/#website"},"primaryImageOfPage":{"@id":"https:\/\/publicidadigitalcity.com\/index.php\/gps-tracker\/#primaryimage"},"image":{"@id":"https:\/\/publicidadigitalcity.com\/index.php\/gps-tracker\/#primaryimage"},"thumbnailUrl":"http:\/\/publicidadigitalcity.com\/wp-content\/uploads\/2024\/10\/GPS-MOTO-.png","datePublished":"2024-10-14T14:54:00+00:00","dateModified":"2024-10-14T15:06:31+00:00","breadcrumb":{"@id":"https:\/\/publicidadigitalcity.com\/index.php\/gps-tracker\/#breadcrumb"},"inLanguage":"es","potentialAction":[{"@type":"ReadAction","target":["https:\/\/publicidadigitalcity.com\/index.php\/gps-tracker\/"]}]},{"@type":"ImageObject","inLanguage":"es","@id":"https:\/\/publicidadigitalcity.com\/index.php\/gps-tracker\/#primaryimage","url":"https:\/\/publicidadigitalcity.com\/wp-content\/uploads\/2024\/10\/GPS-MOTO-.png","contentUrl":"https:\/\/publicidadigitalcity.com\/wp-content\/uploads\/2024\/10\/GPS-MOTO-.png","width":1620,"height":1620},{"@type":"BreadcrumbList","@id":"https:\/\/publicidadigitalcity.com\/index.php\/gps-tracker\/#breadcrumb","itemListElement":[{"@type":"ListItem","position":1,"name":"Home","item":"https:\/\/publicidadigitalcity.com\/"},{"@type":"ListItem","position":2,"name":"GPS TRACKER"}]},{"@type":"WebSite","@id":"https:\/\/publicidadigitalcity.com\/#website","url":"https:\/\/publicidadigitalcity.com\/","name":"publicidadigitalcity","description":"","publisher":{"@id":"https:\/\/publicidadigitalcity.com\/#organization"},"potentialAction":[{"@type":"SearchAction","target":{"@type":"EntryPoint","urlTemplate":"https:\/\/publicidadigitalcity.com\/?s={search_term_string}"},"query-input":{"@type":"PropertyValueSpecification","valueRequired":true,"valueName":"search_term_string"}}],"inLanguage":"es"},{"@type":"Organization","@id":"https:\/\/publicidadigitalcity.com\/#organization","name":"publicidadigitalcity","url":"https:\/\/publicidadigitalcity.com\/","logo":{"@type":"ImageObject","inLanguage":"es","@id":"https:\/\/publicidadigitalcity.com\/#\/schema\/logo\/image\/","url":"https:\/\/publicidadigitalcity.com\/wp-content\/uploads\/2022\/05\/cropped-cropped-logo-digital-city.png","contentUrl":"https:\/\/publicidadigitalcity.com\/wp-content\/uploads\/2022\/05\/cropped-cropped-logo-digital-city.png","width":512,"height":512,"caption":"publicidadigitalcity"},"image":{"@id":"https:\/\/publicidadigitalcity.com\/#\/schema\/logo\/image\/"}}]}},"jetpack_sharing_enabled":true,"_links":{"self":[{"href":"https:\/\/publicidadigitalcity.com\/index.php\/wp-json\/wp\/v2\/pages\/3210","targetHints":{"allow":["GET"]}}],"collection":[{"href":"https:\/\/publicidadigitalcity.com\/index.php\/wp-json\/wp\/v2\/pages"}],"about":[{"href":"https:\/\/publicidadigitalcity.com\/index.php\/wp-json\/wp\/v2\/types\/page"}],"author":[{"embeddable":true,"href":"https:\/\/publicidadigitalcity.com\/index.php\/wp-json\/wp\/v2\/users\/1"}],"replies":[{"embeddable":true,"href":"https:\/\/publicidadigitalcity.com\/index.php\/wp-json\/wp\/v2\/comments?post=3210"}],"version-history":[{"count":10,"href":"https:\/\/publicidadigitalcity.com\/index.php\/wp-json\/wp\/v2\/pages\/3210\/revisions"}],"predecessor-version":[{"id":3226,"href":"https:\/\/publicidadigitalcity.com\/index.php\/wp-json\/wp\/v2\/pages\/3210\/revisions\/3226"}],"wp:attachment":[{"href":"https:\/\/publicidadigitalcity.com\/index.php\/wp-json\/wp\/v2\/media?parent=3210"}],"curies":[{"name":"wp","href":"https:\/\/api.w.org\/{rel}","templated":true}]}}